{"id":9619,"date":"2025-09-03T19:19:32","date_gmt":"2025-09-03T17:19:32","guid":{"rendered":"https:\/\/galicia.wordcamp.org\/2025\/?page_id=9619"},"modified":"2025-09-03T19:22:02","modified_gmt":"2025-09-03T17:22:02","slug":"donde-alojarse-en-pontevedra","status":"publish","type":"page","link":"https:\/\/galicia.wordcamp.org\/2025\/donde-alojarse-en-pontevedra\/","title":{"rendered":"Ideas de alojamiento en Pontevedra"},"content":{"rendered":"\n<div class=\"wp-block-group has-global-padding is-layout-constrained wp-block-group-is-layout-constrained\" style=\"margin-bottom:48px;padding-top:48px;padding-bottom:48px\">\n<p class=\"has-text-align-center has-medium-font-size wp-block-paragraph\">Si eres de esas personas organizadas que marcan en el calendario todo con meses de antelaci\u00f3n, probablemente ya tengas tu alojamiento reservado para la <strong>WordCamp Galicia 2025<\/strong> en Pontevedra.<\/p>\n\n\n\n<p class=\"has-text-align-center has-medium-font-size wp-block-paragraph\">Pero si eres de los que lo dejan para \u00faltima hora, porque has estado a mil cosas o porque te va m\u00e1s la improvisaci\u00f3n\u2026 \u00a1no te preocupes! Aqu\u00ed te damos algunas ideas para que encuentres d\u00f3nde quedarte ese fin de semana.<\/p>\n<\/div>\n\n\n\n<div class=\"wp-block-group alignfull is-layout-flow wp-container-core-group-is-layout-c2db5122 wp-block-group-is-layout-flow\" style=\"padding-right:0px;padding-left:0px\">\n<figure class=\"wp-block-image alignfull size-large\"><img loading=\"lazy\" decoding=\"async\" width=\"1024\" height=\"48\" src=\"https:\/\/galicia.wordcamp.org\/2025\/files\/2025\/05\/onda-color-claro-1024x48.png\" alt=\"\" class=\"wp-image-7882\" srcset=\"https:\/\/galicia.wordcamp.org\/2025\/files\/2025\/05\/onda-color-claro-1024x48.png 1024w, https:\/\/galicia.wordcamp.org\/2025\/files\/2025\/05\/onda-color-claro-300x14.png 300w, https:\/\/galicia.wordcamp.org\/2025\/files\/2025\/05\/onda-color-claro-768x36.png 768w, https:\/\/galicia.wordcamp.org\/2025\/files\/2025\/05\/onda-color-claro-500x23.png 500w, https:\/\/galicia.wordcamp.org\/2025\/files\/2025\/05\/onda-color-claro-1536x72.png 1536w, https:\/\/galicia.wordcamp.org\/2025\/files\/2025\/05\/onda-color-claro.png 1920w\" sizes=\"auto, (max-width: 1024px) 100vw, 1024px\" \/><\/figure>\n\n\n\n<div class=\"wp-block-group has-contrast-color has-base-2-background-color has-text-color has-background has-link-color wp-elements-9e671859576c09acc31ead8dd4c0b4a3 has-global-padding is-layout-constrained wp-container-core-group-is-layout-bd405055 wp-block-group-is-layout-constrained\" style=\"padding-top:0px;padding-bottom:80px\">\n<div class=\"wp-block-media-text is-stacked-on-mobile\" style=\"padding-top:24px;padding-bottom:24px;grid-template-columns:40% auto\"><figure class=\"wp-block-media-text__media\"><img loading=\"lazy\" decoding=\"async\" width=\"540\" height=\"395\" src=\"https:\/\/galicia.wordcamp.org\/2025\/files\/2025\/06\/Parador-Turismo-Pontevedra.webp\" alt=\"Parador-Turismo-Pontevedra\" class=\"wp-image-9620 size-full\" srcset=\"https:\/\/galicia.wordcamp.org\/2025\/files\/2025\/06\/Parador-Turismo-Pontevedra.webp 540w, https:\/\/galicia.wordcamp.org\/2025\/files\/2025\/06\/Parador-Turismo-Pontevedra-300x219.webp 300w, https:\/\/galicia.wordcamp.org\/2025\/files\/2025\/06\/Parador-Turismo-Pontevedra-410x300.webp 410w\" sizes=\"auto, (max-width: 540px) 100vw, 540px\" \/><\/figure><div class=\"wp-block-media-text__content\">\n<div class=\"wp-block-columns are-vertically-aligned-center is-layout-flex wp-container-core-columns-is-layout-da166788 wp-block-columns-is-layout-flex\">\n<div class=\"wp-block-column is-vertically-aligned-center is-layout-flow wp-block-column-is-layout-flow\" style=\"flex-basis:66.66%\">\n<h2 class=\"wp-block-heading has-accent-4-color has-text-color has-link-color has-large-font-size wp-elements-2fc833afc4303379f27054d33d3190a3\" style=\"line-height:1.2\">Hoteles, hostales y albergues para todos los grupos<\/h2>\n<\/div>\n<\/div>\n\n\n\n<p class=\"has-text-align-left has-medium-font-size wp-block-paragraph\"><strong>Pontevedra <\/strong>cuenta con muchas opciones de alojamiento y para todos los bolsillos: desde albergues frecuentados por peregrinos hasta hoteles c\u00e9ntricos con todas las comodidades. Incluso puedes darte un capricho y dormir en el parador de la ciudad.<\/p>\n\n\n\n<p class=\"wp-block-paragraph\">Aunque la WordCamp se celebra en el <strong>Campus Universitario<\/strong>, las distancias en Pontevedra son cortas, as\u00ed que puedes buscar alojamiento en cualquier zona (\u00a1el casco antiguo es un encanto!) y moverte f\u00e1cilmente a pie. Adem\u00e1s, as\u00ed aprovechas para conocer mejor la ciudad mientras vas y vienes de las actividades.<\/p>\n<\/div><\/div>\n\n\n\n<div class=\"wp-block-media-text has-media-on-the-right is-stacked-on-mobile\" style=\"padding-top:24px;padding-bottom:24px;grid-template-columns:auto 40%\"><div class=\"wp-block-media-text__content\">\n<div class=\"wp-block-columns are-vertically-aligned-center is-layout-flex wp-container-core-columns-is-layout-da166788 wp-block-columns-is-layout-flex\">\n<div class=\"wp-block-column is-vertically-aligned-center is-layout-flow wp-block-column-is-layout-flow\" style=\"flex-basis:66.66%\">\n<h2 class=\"wp-block-heading has-accent-4-color has-text-color has-link-color has-large-font-size wp-elements-269753787923abd6f6bc89da48bf9df5\" style=\"line-height:1.2\">Compartir alojamiento: m\u00e1s econ\u00f3mico, m\u00e1s divertido<\/h2>\n<\/div>\n<\/div>\n\n\n\n<p class=\"has-text-align-left has-medium-font-size wp-block-paragraph\">\u00bfVienes con m\u00e1s personas o te apetece compartir gastos y experiencias?<br>Quiz\u00e1s un hotel no sea lo ideal. Plataformas como <a href=\"https:\/\/www.airbnb.es\/s\/Pontevedra\/homes?refinement_paths%5B%5D=%2Fhomes&amp;place_id=ChIJ16adM89xLw0R1DHkGzoWW20&amp;location_bb=QinOnMEJ0kNCKanwwQqjQg%3D%3D&amp;acp_id=1a389794-9f57-438b-a347-095338ecca90&amp;date_picker_type=calendar&amp;checkin=2025-10-03&amp;checkout=2025-10-05&amp;source=structured_search_input_header&amp;search_type=autocomplete_click\" target=\"_blank\" rel=\"noreferrer noopener\"><strong>Airbnb<\/strong> <\/a>o <a href=\"https:\/\/www.booking.com\/city\/es\/pontevedra.es.html\" target=\"_blank\" rel=\"noreferrer noopener\"><strong>Booking<\/strong> <\/a>tienen pisos y apartamentos que puedes compartir con otros asistentes a la WordCamp.<\/p>\n\n\n\n<p class=\"wp-block-paragraph\">Y si quieres alargar tu estancia o combinar el viaje con unos d\u00edas de trabajo remoto en la naturaleza, echa un vistazo a <strong>Anceu Coliving<\/strong>. Es un espacio colaborativo en plena naturaleza, ideal para conocer a otros n\u00f3madas digitales, y adem\u00e1s \u00a1colaboran con nosotros en el la WordCamp!<\/p>\n\n\n\n<p class=\"wp-block-paragraph\">\u00bfNada libre? \u00a1Pide sof\u00e1!<\/p>\n\n\n\n<p class=\"wp-block-paragraph\">Y si todo falla\u2026 piensa en esa amistad que tienes en <strong>Pontevedra o alrededores<\/strong>. Seguro que alguien te puede echar una mano y prestarte un sof\u00e1 donde descansar tras un d\u00eda intenso de charlas, networking y churrasco \ud83d\ude04<\/p>\n<\/div><figure class=\"wp-block-media-text__media\"><img loading=\"lazy\" decoding=\"async\" width=\"497\" height=\"339\" src=\"https:\/\/galicia.wordcamp.org\/2025\/files\/2025\/07\/compartir.png\" alt=\"\" class=\"wp-image-9701 size-full\" srcset=\"https:\/\/galicia.wordcamp.org\/2025\/files\/2025\/07\/compartir.png 497w, https:\/\/galicia.wordcamp.org\/2025\/files\/2025\/07\/compartir-300x205.png 300w, https:\/\/galicia.wordcamp.org\/2025\/files\/2025\/07\/compartir-440x300.png 440w\" sizes=\"auto, (max-width: 497px) 100vw, 497px\" \/><\/figure><\/div>\n\n\n\n<div class=\"wp-block-media-text is-stacked-on-mobile\" style=\"padding-top:24px;padding-bottom:24px;grid-template-columns:40% auto\"><figure class=\"wp-block-media-text__media\"><img loading=\"lazy\" decoding=\"async\" width=\"540\" height=\"395\" src=\"https:\/\/galicia.wordcamp.org\/2025\/files\/2025\/05\/eneko-patros.webp\" alt=\"Eneko Garrido\" class=\"wp-image-8061 size-full\" srcset=\"https:\/\/galicia.wordcamp.org\/2025\/files\/2025\/05\/eneko-patros.webp 540w, https:\/\/galicia.wordcamp.org\/2025\/files\/2025\/05\/eneko-patros-300x219.webp 300w, https:\/\/galicia.wordcamp.org\/2025\/files\/2025\/05\/eneko-patros-410x300.webp 410w\" sizes=\"auto, (max-width: 540px) 100vw, 540px\" \/><\/figure><div class=\"wp-block-media-text__content\">\n<div class=\"wp-block-columns are-vertically-aligned-center is-layout-flex wp-container-core-columns-is-layout-da166788 wp-block-columns-is-layout-flex\">\n<div class=\"wp-block-column is-vertically-aligned-center is-layout-flow wp-block-column-is-layout-flow\" style=\"flex-basis:66.66%\">\n<h2 class=\"wp-block-heading has-accent-4-color has-text-color has-link-color has-x-large-font-size wp-elements-a5a4cff3b93910d518447c26bf983261\" style=\"line-height:1.2\">Recuerda<\/h2>\n<\/div>\n<\/div>\n\n\n\n<p class=\"has-text-align-left has-medium-font-size wp-block-paragraph\"><strong>Vas a pasar m\u00e1s horas en la WordCamp<\/strong> que en el alojamiento, as\u00ed que no te estreses si no encuentras el sitio perfecto. Lo importante es que vengas y disfrutes del evento.<\/p>\n\n\n\n<p class=\"has-text-align-left has-medium-font-size wp-block-paragraph\">Ya no tienes excusa\u2026<\/p>\n\n\n\n<p class=\"has-text-align-left has-medium-font-size wp-block-paragraph\"><br><a href=\"https:\/\/galicia.wordcamp.org\/2025\/es\/entradas\/\" data-type=\"page\" data-id=\"3264\" target=\"_blank\" rel=\"noreferrer noopener\">\ud83d\udc49 <strong>Compra tu entrada y nos vemos del 3 al 5 de octubre en Pontevedra<\/strong>.<\/a><\/p>\n\n\n\n<p class=\"has-text-align-left has-medium-font-size wp-block-paragraph\"><br>\u00a1Va a ser inolvidable!.<\/p>\n<\/div><\/div>\n<\/div>\n<\/div>\n\n\n\n<div class=\"wp-block-group alignfull has-accent-4-background-color has-background is-layout-flow wp-block-group-is-layout-flow\" style=\"margin-top:0px;margin-bottom:0px;padding-top:48px;padding-right:4%;padding-bottom:48px;padding-left:4%\">\n<h2 class=\"wp-block-heading has-text-align-center con-interrogante has-base-color has-text-color has-link-color wp-elements-0c31c2ad1cf3092f0d1ba2a5d0a74449\"><span class=\"inv-question-mark\"><strong>\u00bf<\/strong><\/span>A\u00fan no tienes tu entrada?&nbsp;<\/h2>\n\n\n\n<p class=\"has-text-align-center has-base-2-color has-text-color has-link-color wp-elements-a3d200dfc231a1bde71da91109507270 wp-block-paragraph\">Si quieres acudir a las Conferencias y al D\u00eda de la Comunidad, no te olvides de comprar tu entrada<\/p>\n\n\n\n<div class=\"wp-block-buttons is-content-justification-center is-layout-flex wp-container-core-buttons-is-layout-ff57ccb5 wp-block-buttons-is-layout-flex\" style=\"margin-top:24px;margin-bottom:24px\">\n<div class=\"wp-block-button is-style-fill sombra-verde\"><a class=\"wp-block-button__link has-accent-4-color has-base-2-background-color has-text-color has-background has-link-color has-border-color wp-element-button\" href=\"https:\/\/galicia.wordcamp.org\/2025\/es\/entradas\/\" style=\"border-color:#35ff69;border-radius:0px;padding-top:8px;padding-right:24px;padding-bottom:8px;padding-left:24px\">Comprar entrada<\/a><\/div>\n<\/div>\n<\/div>\n","protected":false},"excerpt":{"rendered":"<p>Si eres de esas personas organizadas que marcan en el calendario todo con meses de antelaci\u00f3n, probablemente ya tengas tu alojamiento reservado para la WordCamp Galicia 2025 en Pontevedra. Pero si eres de los que lo dejan para \u00faltima hora, porque has estado a mil cosas o porque te va m\u00e1s la improvisaci\u00f3n\u2026 \u00a1no te [&hellip;]<\/p>\n","protected":false},"author":18742608,"featured_media":0,"parent":0,"menu_order":0,"comment_status":"closed","ping_status":"closed","template":"page-es","meta":{"_crdt_document":"","jetpack_post_was_ever_published":false,"footnotes":""},"class_list":["post-9619","page","type-page","status-publish","hentry"],"jetpack_sharing_enabled":true,"_links":{"self":[{"href":"https:\/\/galicia.wordcamp.org\/2025\/wp-json\/wp\/v2\/pages\/9619","targetHints":{"allow":["GET"]}}],"collection":[{"href":"https:\/\/galicia.wordcamp.org\/2025\/wp-json\/wp\/v2\/pages"}],"about":[{"href":"https:\/\/galicia.wordcamp.org\/2025\/wp-json\/wp\/v2\/types\/page"}],"author":[{"embeddable":true,"href":"https:\/\/galicia.wordcamp.org\/2025\/wp-json\/wp\/v2\/users\/18742608"}],"replies":[{"embeddable":true,"href":"https:\/\/galicia.wordcamp.org\/2025\/wp-json\/wp\/v2\/comments?post=9619"}],"version-history":[{"count":10,"href":"https:\/\/galicia.wordcamp.org\/2025\/wp-json\/wp\/v2\/pages\/9619\/revisions"}],"predecessor-version":[{"id":10581,"href":"https:\/\/galicia.wordcamp.org\/2025\/wp-json\/wp\/v2\/pages\/9619\/revisions\/10581"}],"wp:attachment":[{"href":"https:\/\/galicia.wordcamp.org\/2025\/wp-json\/wp\/v2\/media?parent=9619"}],"curies":[{"name":"wp","href":"https:\/\/api.w.org\/{rel}","templated":true}]}}