{"id":7,"date":"2021-05-24T13:29:07","date_gmt":"2021-05-24T11:29:07","guid":{"rendered":"https:\/\/galicia.wordcamp.org\/2021\/schedule\/"},"modified":"2021-09-28T22:01:03","modified_gmt":"2021-09-28T20:01:03","slug":"programa","status":"publish","type":"page","link":"https:\/\/galicia.wordcamp.org\/2021\/programa\/","title":{"rendered":"PROGRAMA"},"content":{"rendered":"\n<div style=\"height:25px\" aria-hidden=\"true\" class=\"wp-block-spacer\"><\/div>\n\n\n\n<h3 class=\"has-text-align-center has-normal-font-size\" style=\"margin-bottom: 0px\">Xoves, 30 de Setembro de 2021 [relatorios en galego]<\/h3>\n\n\n\n<h3 class=\"has-text-align-center wp-block-heading\" style=\"font-size:14px\"><span class=\"has-inline-color\" style=\"color: #888888\"><em>Jueves, 30 de Septiembre de 2021 [charlas en gallego]<\/em><\/span><\/h3>\n\n\n\n<div\n\tclass=\"wp-block-wordcamp-schedule alignwide is-loading\"\n\t\tdata-attributes=\"{&quot;__isStylesPreview&quot;:false,&quot;align&quot;:&quot;wide&quot;,&quot;chooseSpecificDays&quot;:true,&quot;chosenDays&quot;:[&quot;2021-09-30&quot;],&quot;chooseSpecificTracks&quot;:false,&quot;chosenTrackIds&quot;:[29],&quot;showCategories&quot;:false,&quot;useClientTimezone&quot;:true}\"\n>\n\tCargando&#8230;<\/div>\n\n\n\t<div class=\"email-form fav-session-email-form-hide\">\n\t\t<!-- Tab links -->\n\t\t<div class=\"fav-session-share-tab\">\n\t\t\t\t\t\t\t<div class=\"fav-session-tablinks\" id=\"fav-session-btn-email\">\n\t\t\t\t\tEmail\t\t\t\t<\/div>\n\t\t\t\n\t\t\t<div class=\"fav-session-tablinks\" id=\"fav-session-btn-link\">\n\t\t\t\tLigaz\u00f3n\t\t\t<\/div>\n\n\t\t\t<div class=\"fav-session-tablinks\" id=\"fav-session-btn-print\">\n\t\t\t\tImprimir\t\t\t<\/div>\n\t\t<\/div>\n\n\t\t<!-- Tab content -->\n\t\t\t\t\t<div id=\"fav-session-tab-email\" class=\"fav-session-share-tabcontent\">\n\t\t\t\t<div id=\"fav-session-email-form\">\n\t\t\t\t\tEnviarme as mi\u00f1as sesi\u00f3ns favoritas:\n\t\t\t\t\t<form id=\"fav-sessions-form\">\n\t\t\t\t\t\t<input\n\t\t\t\t\t\t\ttype=\"text\"\n\t\t\t\t\t\t\tname=\"email_address\"\n\t\t\t\t\t\t\tid=\"fav-sessions-email-address\"\n\t\t\t\t\t\t\tplaceholder=\"me@protonmail.com\"\n\t\t\t\t\t\t\/>\n\t\t\t\t\t\t<input type=\"submit\" value=\"Enviar\" \/>\n\t\t\t\t\t<\/form>\n\t\t\t\t<\/div>\n\n\t\t\t\t<div class=\"fav-session-email-wait-spinner\"><\/div>\n\t\t\t\t<div class=\"fav-session-email-result\"><\/div>\n\t\t\t<\/div>\n\t\t\n\t\t<div id=\"fav-session-tab-link\" class=\"fav-session-share-tabcontent\">\n\t\t\tLigaz\u00f3n compartible:\t\t\t<br \/>\n\t\t\t<a id=\"fav-sessions-link\" href=\"\"><\/a>\n\t\t<\/div>\n\n\t\t<div id=\"fav-session-tab-print\" class=\"fav-session-share-tabcontent\">\n\t\t\t<button id=\"fav-session-print\">\n\t\t\t\tImprimir sesi\u00f3ns favoritas\t\t\t<\/button>\n\t\t<\/div>\n\t<\/div>\n\n\t<a class=\"show-email-form\" href=\"javascript:\">\n\t\t<span class=\"dashicons dashicons-star-filled\"><\/span>\n\t\t<span class=\"dashicons dashicons-email-alt\"><\/span>\n\t<\/a>\n\n\t\n\n\n<div style=\"height:59px\" aria-hidden=\"true\" class=\"wp-block-spacer\"><\/div>\n\n\n\n<h3 class=\"has-text-align-center has-normal-font-size\" style=\"margin-bottom: 0px\">Venres, 1 de Outubro de 2021 [relatorios en espa\u00f1ol]<\/h3>\n\n\n\n<h3 class=\"has-text-align-center wp-block-heading\" style=\"font-size:14px\"><span class=\"has-inline-color\" style=\"color: #888888\"><em>Viernes, 1 de Octubre de 2021 [charlas en espa\u00f1ol]<\/em><\/span><\/h3>\n\n\n\n<div\n\tclass=\"wp-block-wordcamp-schedule alignwide is-loading\"\n\t\tdata-attributes=\"{&quot;__isStylesPreview&quot;:false,&quot;align&quot;:&quot;wide&quot;,&quot;chooseSpecificDays&quot;:true,&quot;chosenDays&quot;:[&quot;1970-01-01&quot;,&quot;2021-10-01&quot;],&quot;chooseSpecificTracks&quot;:false,&quot;chosenTrackIds&quot;:[29],&quot;showCategories&quot;:false,&quot;useClientTimezone&quot;:true,&quot;className&quot;:&quot;is-style-default&quot;}\"\n>\n\tCargando&#8230;<\/div>\n\n\n\n\n<div style=\"height:59px\" aria-hidden=\"true\" class=\"wp-block-spacer\"><\/div>\n\n\n\n<h3 class=\"has-text-align-center has-normal-font-size\" style=\"margin-bottom: 0px\">S\u00e1badp, 2 de Outubro de 2021 [D\u00eda do Contribuidor]<\/h3>\n\n\n\n<h3 class=\"has-text-align-center wp-block-heading\" style=\"font-size:14px\"><span style=\"color: #888888\" class=\"has-inline-color\"><em>S\u00e1bado, 2 de Octubre de 2021 [D\u00eda del Colaborador]<\/em><\/span><\/h3>\n\n\n\n<div class=\"wp-block-columns is-layout-flex wp-container-core-columns-is-layout-9d6595d7 wp-block-columns-is-layout-flex\">\n<div class=\"wp-block-column is-layout-flow wp-block-column-is-layout-flow\">\n<div class=\"wp-block-buttons is-layout-flex wp-block-buttons-is-layout-flex\">\n<div class=\"wp-block-button solo-movil\"><a class=\"wp-block-button__link\" href=\"#espanol\"><em>Ver en espa\u00f1ol<\/em><\/a><\/div>\n<\/div>\n\n\n\n<p>No \u00ab<a href=\"https:\/\/galicia.wordcamp.org\/2021\/o-dia-do-contribuidor\/\" data-type=\"URL\" data-id=\"https:\/\/galicia.wordcamp.org\/2021\/o-dia-do-contribuidor\/\">D\u00eda do contribuidor<\/a>\u00bb vas poder achegar o teu gran de area \u00e1 comunidade WordPress, poder\u00e1s participar en calquera das seguintes mesas:<\/p>\n\n\n\n<h3 class=\"wp-block-heading\">Mesa de traduci\u00f3ns<\/h3>\n\n\n\n<p>Xuntar\u00e9monos para traducir ao galego temas e plugins. S\u00f3 necesitas ter uns co\u00f1ecementos b\u00e1sicos de galego.<\/p>\n\n\n\n<h3 class=\"wp-block-heading\">Mesa de soporte<\/h3>\n\n\n\n<p>Explicaremos como responder as cuesti\u00f3ns do foro de soporte. Traballaremos co&nbsp;<a rel=\"noreferrer noopener\" href=\"https:\/\/es.wordpress.org\/support\/view\/no-replies\/\" target=\"_blank\">foro en espa\u00f1ol de WordPress<\/a>.<\/p>\n\n\n\n<h3 class=\"wp-block-heading\">Mesa de televisi\u00f3n<\/h3>\n\n\n\n<p>Aprenderemos como preparar os v\u00eddeos dun evento WordPress (traballaremos cos desta WordCamp) para publicalos en&nbsp;<a rel=\"noreferrer noopener\" href=\"https:\/\/wordpress.tv\/\" target=\"_blank\">wordpress.tv<\/a>.<\/p>\n\n\n\n<h3 class=\"wp-block-heading\">Mesa de subtitulado<\/h3>\n\n\n\n<p>Aprenderemos como subtitular os v\u00eddeos dun evento WordPress (tam\u00e9n traballaremos cos desta WordCamp), para as\u00ed facelos m\u00e1is accesibles e que poidan chegar a m\u00e1is xente.<\/p>\n<\/div>\n\n\n\n<div class=\"wp-block-column columna-espanol is-layout-flow wp-block-column-is-layout-flow\" id=\"espanol\">\n<p>En el \u00ab<a href=\"https:\/\/galicia.wordcamp.org\/2021\/o-dia-do-contribuidor\/\" data-type=\"URL\" data-id=\"https:\/\/galicia.wordcamp.org\/2021\/o-dia-do-contribuidor\/\">D\u00eda del colaborador<\/a>\u00bb vas poder aportar tu granito de arena a la comunidad de WordPress podr\u00e1s participar en cualquiera de estas mesas: <\/p>\n\n\n\n<h3 class=\"wp-block-heading\">Mesa de traducciones<\/h3>\n\n\n\n<p>Nos reuniremos para traducir al gallego temas y plugins. Solamente necesitas tener unos conocimientos b\u00e1sicos de gallego.<\/p>\n\n\n\n<h3 class=\"wp-block-heading\">Mesa de soporte<\/h3>\n\n\n\n<p>Explicaremos como responder a los debates del foro de soporte. Trabajaremos con el&nbsp;<a rel=\"noreferrer noopener\" href=\"https:\/\/es.wordpress.org\/support\/view\/no-replies\/\" target=\"_blank\">foro en espa\u00f1ol de WordPress<\/a>.<\/p>\n\n\n\n<h3 class=\"wp-block-heading\">Mesa de televisi\u00f3n<\/h3>\n\n\n\n<p>Aprenderemos como preparar los v\u00eddeos de un evento WordPress (trabajaremos con los de esta WordCamp) para publicarlos en&nbsp;<a rel=\"noreferrer noopener\" href=\"https:\/\/wordpress.tv\/\" target=\"_blank\">wordpress.tv<\/a>.<\/p>\n\n\n\n<h3 class=\"wp-block-heading\">Mesa de subtitulado<\/h3>\n\n\n\n<p>Aprenderemos a subtitular los v\u00eddeos de un evento WordPress (tambi\u00e9n trabajaremos con los de esta WordCamp), para as\u00ed hacerlos m\u00e1s accesibles, y que puedan llegar a m\u00e1s gente.<\/p>\n<\/div>\n<\/div>\n\n\n\n<h3 class=\"has-text-align-center oculto wp-block-heading\">Charla de reserva<\/h3>\n\n\n\n<div class=\"wp-block-group alignwide oculto\"><div class=\"wp-block-group__inner-container is-layout-flow wp-block-group-is-layout-flow\">\n<div class=\"wp-block-columns is-layout-flex wp-container-core-columns-is-layout-9d6595d7 wp-block-columns-is-layout-flex\">\n<div class=\"wp-block-column is-layout-flow wp-block-column-is-layout-flow\" style=\"flex-basis:15%\"><\/div>\n\n\n\n<div class=\"wp-block-column is-layout-flow wp-block-column-is-layout-flow\" style=\"flex-basis:70%\">\n<div id=\"wordcamp-schedule__session-extra\" data-session-id=\"extra\" class=\"wordcamp-schedule__session has-slug-conecta-con-apis-desde-wordpress-de-forma-sencilla is-type-session has-track-relatorios has-speaker-david-perez\">\n\t<h4 class=\"wordcamp-schedule__session-title\">\n\t<a href=\"https:\/\/galicia.wordcamp.org\/2021\/session\/conecta-con-apis-desde-wordpress-de-forma-sencilla\/\" target=\"_self\" rel=\"noopener noreferrer\">Conecta con APIs desde WordPress de forma sencilla<br><i class=\"espanol\">Conecta con APIs desde WordPress de forma sinxela<\/i><\/a>\n\t<div class=\"wcb-session-favourite-icon\">\n\t\t<a href=\"#\" role=\"button\" class=\"fav-session-button\">\n\t\t\t<span class=\"screen-reader-text\">Favorite session: Conecta con APIs desde WordPress de forma sencilla<\/span>\n\t\t\t<span class=\"dashicon dashicons dashicons-star-filled\"><\/span>\n\t\t<\/a>\n\t<\/div>\n\t<\/h4>\n\t<dl class=\"wordcamp-schedule__session-speakers\">\n\t\t<dt class=\"screen-reader-text\">Speakers:<\/dt>\n\t\t<dd><a href=\"https:\/\/galicia.wordcamp.org\/2021\/speaker\/david-perez\/\" target=\"_self\" rel=\"noopener noreferrer\">David P\u00e9rez<\/a><\/dd>\n\t<\/dl>\n<\/div>\n<\/div>\n\n\n\n<div class=\"wp-block-column is-layout-flow wp-block-column-is-layout-flow\" style=\"flex-basis:15%\"><\/div>\n<\/div>\n<\/div><\/div>\n","protected":false},"excerpt":{"rendered":"<p>Xoves, 30 de Setembro de 2021 [relatorios en galego] Jueves, 30 de Septiembre de 2021 [charlas en gallego] Venres, 1 de Outubro de 2021 [relatorios en espa\u00f1ol] Viernes, 1 de Octubre de 2021 [charlas en espa\u00f1ol] S\u00e1badp, 2 de Outubro de 2021 [D\u00eda do Contribuidor] S\u00e1bado, 2 de Octubre de 2021 [D\u00eda del Colaborador] No &hellip; <a href=\"https:\/\/galicia.wordcamp.org\/2021\/programa\/\" class=\"more-link\">Segue lendo<span class=\"screen-reader-text\"> \u00abPROGRAMA\u00bb<\/span><\/a><\/p>\n","protected":false},"author":15689130,"featured_media":0,"parent":0,"menu_order":0,"comment_status":"closed","ping_status":"closed","template":"","meta":{"jetpack_post_was_ever_published":false,"footnotes":""},"class_list":["post-7","page","type-page","status-publish","hentry"],"jetpack_sharing_enabled":true,"_links":{"self":[{"href":"https:\/\/galicia.wordcamp.org\/2021\/wp-json\/wp\/v2\/pages\/7","targetHints":{"allow":["GET"]}}],"collection":[{"href":"https:\/\/galicia.wordcamp.org\/2021\/wp-json\/wp\/v2\/pages"}],"about":[{"href":"https:\/\/galicia.wordcamp.org\/2021\/wp-json\/wp\/v2\/types\/page"}],"author":[{"embeddable":true,"href":"https:\/\/galicia.wordcamp.org\/2021\/wp-json\/wp\/v2\/users\/15689130"}],"replies":[{"embeddable":true,"href":"https:\/\/galicia.wordcamp.org\/2021\/wp-json\/wp\/v2\/comments?post=7"}],"version-history":[{"count":57,"href":"https:\/\/galicia.wordcamp.org\/2021\/wp-json\/wp\/v2\/pages\/7\/revisions"}],"predecessor-version":[{"id":3992,"href":"https:\/\/galicia.wordcamp.org\/2021\/wp-json\/wp\/v2\/pages\/7\/revisions\/3992"}],"wp:attachment":[{"href":"https:\/\/galicia.wordcamp.org\/2021\/wp-json\/wp\/v2\/media?parent=7"}],"curies":[{"name":"wp","href":"https:\/\/api.w.org\/{rel}","templated":true}]}}